{"id":34,"date":"2012-02-14T09:44:46","date_gmt":"2012-02-14T09:44:46","guid":{"rendered":"http:\/\/www.tc-freiweg.de\/wp\/?page_id=34"},"modified":"2020-07-16T09:41:59","modified_gmt":"2020-07-16T09:41:59","slug":"chronik","status":"publish","type":"page","link":"http:\/\/www.tc-freiweg.de\/?page_id=34","title":{"rendered":"Chronik"},"content":{"rendered":"<p><span style=\"color: #000000;\"><strong>Die Gr\u00fcndung des Tambourkorps &#8222;Frei-Weg&#8220; Wachtendonk<\/strong><\/span><\/p>\n<p><span style=\"color: #000000;\">Schon in den <strong>drei\u00dfiger Jahren<\/strong> bestand ein Tambourkorps der Freiwilligen Feuerwehr in Wachtendonk. In den Kriegsjahren wurde das Spielen dann von den Parteien verboten. Nach dem 2. Weltkrieg <strong>1949<\/strong> wurde das erste Sch\u00fctzenfest gefeiert, Ausrichter war die St. Michaelis Bruderschaft Gelinter. Es mu\u00dfte auf ausw\u00e4rtige Musikvereine zur\u00fcckgegriffen werden. Der Musikverein, der zu dieser Zeit in Wachtendonk bestand, aber nach der Kriegszeit neu aufgebaut werden mu\u00dfte, war zur Zeit des Sch\u00fctzenfestes noch nicht spielbereit. F\u00fcr die Bev\u00f6lkerung Wachtendonks war es ein gro\u00dfes Erlebnis, Musik in friedlicher Form miterleben zu d\u00fcrfen. Ein besonders musikalisch veranlagter junger Mann war so von dieser Musik fasziniert, das er im <strong>Herbst 1949<\/strong> mit seinen Freunden Jakob Behet, Hans Laughs und Peter van der Velden, einen neuen Verein namens &#8222;Eintracht&#8220; gr\u00fcndete. Dieser junge Mann war Johannes Tergieten. Zum Vogelschie\u00dfen der Bruderschaft Johannes Stadt am <strong>07.05.1950<\/strong> traten erstmals 9 Mann stolz in Uniform an. Gerhard Terlinden, der ein kleines Manufakturwarengesch\u00e4ft betrieb, besorgte ehem. engl. Milit\u00e4rjacken, die umgef\u00e4rbt wurden, und die dazugeh\u00f6rigen Schwalbennester. Die Instrumente wurden von der Freiw. Feuerwehr Wachtendonk geliehen, und als Gegenleistung wurde f\u00fcr die Feuerwehr kostenlos gespielt.<\/span><\/p>\n<p><span style=\"color: #000000;\">Als Major fungierte Josef Leupers, Fl\u00f6tisten waren Peter v.d. Velden, Albert Bartel, Josef Engelen, Hans Bons. Trommel spielten Jakob Behet, Hans Laughs, Heinrich Bloemen, und an der Pauke stand Johannes Tergieten. Sp\u00e4ter traten dem Verein Willi Holterbosch, Erich Jurzick, Lambert Flachsenberg, Josef Strucken, Heinz R\u00fctten, Heinz Zetzen, Fritz Wilmsen, Mathias Leupers, Heinz Dimanski, Egon Glandin, Hans Platen, Hans Tellegen, Heinz Drie\u00dfen, Peter Delbeck, Fritz Schermutzki und Hans Behet bei. Als Besonderheit schaffte man sich <strong>1952<\/strong> eine Lyra an. Dies war neu f\u00fcr Spielmannsz\u00fcge.<\/span><br \/>\n<span style=\"color: #000000;\"> Im Jahre <strong>1956<\/strong> l\u00f6ste Johannes Tergieten Josef Leupers an der Spitze ab. Durch zunehmende neue Freizeitangebote sank die Zahl der Aktiven, so da\u00df es sp\u00e4ter nicht mehr m\u00f6glich war, den Verein aufrechtzuerhalten. Nach 10-j\u00e4hrigem Bestehen l\u00f6ste sich im Jahre <strong>1959<\/strong> die &#8222;Eintracht&#8220; auf.<\/span><\/p>\n<p><span style=\"color: #000000;\">Am <strong>27.02.1965<\/strong> war es wieder Johannes Tergieten, der diesmal zusammen mit Josef Strucken, die beide im ehemaligen Tambourkorps aktive Spieler waren, nach sechsj\u00e4hriger Pause ein neues Tambourkorps ins Leben rief. Sie schickten ein Rundschreiben, das zugleich als Einladung gedacht war, an alle ehemaligen Spielkameraden der Eintracht.<\/span><\/p>\n<p><span style=\"color: #000000;\">Das erste gemeinsame Zusammentreffen war am <strong>06.03.1965<\/strong> um 20.00 Uhr im Lokal Rudolf Siemes, M\u00fchlenstra\u00dfe.<\/span><\/p>\n<p><span style=\"color: #000000;\"><strong>Bei diesem Treffen erschienen:<\/strong><\/span><\/p>\n<p><span style=\"color: #000000;\">Johannes Tergieten, Josef Strucken, Peter van der Velden, Lambert Flachsenberg, Jakob Behet, Josef Engelen, Heinz Dimanski, Heinz Drie\u00dfen, Hans Platen, Albert Bartel.<\/span><\/p>\n<p><span style=\"color: #000000;\">Alle Anwesenden bef\u00fcrworteten die Gr\u00fcndung eines neuen Tambourkorps. Bis zur n\u00e4chsten Versammlung sollten weitere Interessenten von den Versammlungsteilnehmern angesprochen werden. Die n\u00e4chste Zusammenkunft am Sonntag, dem <strong>21. M\u00e4rz 1965<\/strong> im Lokal Siemes war gleichzeitig die Gr\u00fcndungsversammlung. Folgende von Johannes Tergieten eingeladene Personen waren anwesend: Erich Jurzick, Hans Tellegen, Heinz Drie\u00dfen, Hans Baumert, Josef Engelen, Lambert Flachsenberg, Hansi Flachsenberg, Hans Platen, Heinz Dimanski, Gerhard Terlinden, Rudolf Siemes, Gerhard van de Rydt, Heinz Schmitz, Wilfried Thomassen, Heinz Melein, Johannes Tergieten. Entschuldigt hatten sich Josef Strucken, Jakob Behet und Hans Behet. Durch vorangegangene Gespr\u00e4che von Johannes Tergieten mit Gerhard Terlinden und Rudolf Siemes,waren diese bereit, ein Amt im Vorstand zu \u00fcbernehmen.<\/span><\/p>\n<p><span style=\"color: #000000;\"><strong>Der erste Vorstand setzte sich wie folgt zusammen:<\/strong><\/span><\/p>\n<p><span style=\"color: #000000;\">1. Vorsitzender : Terlinden, Gerhard<\/span><br \/>\n<span style=\"color: #000000;\"> 2. Vorsitzender : Siemes, Rudolf<\/span><\/p>\n<p><span style=\"color: #000000;\">Schriftf\u00fchrer: Tergieten, Johannes<\/span><\/p>\n<p><span style=\"color: #000000;\">1. Kassierer : Platen, Hans<\/span><br \/>\n<span style=\"color: #000000;\"> 2. Kassierer : Behet, Jakob<\/span><\/p>\n<p><span style=\"color: #000000;\">Von drei Vorschl\u00e4gen entschied sich die Versammlung f\u00fcr den Namen des neuen Tambourkorps:<\/span><\/p>\n<p><span style=\"color: #000000;\"><strong>Tambourcorps &#8222;Frei-Weg&#8220; Wachtendonk 1965<\/strong><\/span><\/p>\n","protected":false},"excerpt":{"rendered":"<p>Die Gr\u00fcndung des Tambourkorps &#8222;Frei-Weg&#8220; Wachtendonk Schon in den drei\u00dfiger Jahren bestand ein Tambourkorps der Freiwilligen Feuerwehr in Wachtendonk. In den Kriegsjahren wurde das Spielen dann von den Parteien verboten. Nach dem 2. Weltkrieg 1949 wurde das erste Sch\u00fctzenfest gefeiert, Ausrichter war die St. Michaelis Bruderschaft Gelinter. Es mu\u00dfte auf ausw\u00e4rtige Musikvereine zur\u00fcckgegriffen werden. Der [&hellip;]<\/p>\n","protected":false},"author":1,"featured_media":0,"parent":2,"menu_order":0,"comment_status":"open","ping_status":"open","template":"","meta":[],"_links":{"self":[{"href":"http:\/\/www.tc-freiweg.de\/index.php?rest_route=\/wp\/v2\/pages\/34"}],"collection":[{"href":"http:\/\/www.tc-freiweg.de\/index.php?rest_route=\/wp\/v2\/pages"}],"about":[{"href":"http:\/\/www.tc-freiweg.de\/index.php?rest_route=\/wp\/v2\/types\/page"}],"author":[{"embeddable":true,"href":"http:\/\/www.tc-freiweg.de\/index.php?rest_route=\/wp\/v2\/users\/1"}],"replies":[{"embeddable":true,"href":"http:\/\/www.tc-freiweg.de\/index.php?rest_route=%2Fwp%2Fv2%2Fcomments&post=34"}],"version-history":[{"count":7,"href":"http:\/\/www.tc-freiweg.de\/index.php?rest_route=\/wp\/v2\/pages\/34\/revisions"}],"predecessor-version":[{"id":3756,"href":"http:\/\/www.tc-freiweg.de\/index.php?rest_route=\/wp\/v2\/pages\/34\/revisions\/3756"}],"up":[{"embeddable":true,"href":"http:\/\/www.tc-freiweg.de\/index.php?rest_route=\/wp\/v2\/pages\/2"}],"wp:attachment":[{"href":"http:\/\/www.tc-freiweg.de\/index.php?rest_route=%2Fwp%2Fv2%2Fmedia&parent=34"}],"curies":[{"name":"wp","href":"https:\/\/api.w.org\/{rel}","templated":true}]}}